{"id":3393,"date":"2025-09-04T12:41:07","date_gmt":"2025-09-04T12:41:07","guid":{"rendered":"https:\/\/mooc4tutors.eu\/?page_id=3393"},"modified":"2025-09-04T12:48:15","modified_gmt":"2025-09-04T12:48:15","slug":"integritetspolicy-och-juridisk-information","status":"publish","type":"page","link":"https:\/\/mooc4tutors.eu\/?page_id=3393&lang=fi","title":{"rendered":"Integritetspolicy och juridisk information"},"content":{"rendered":"\t\t<div data-elementor-type=\"wp-page\" data-elementor-id=\"3393\" class=\"elementor elementor-3393\">\n\t\t\t\t\t\t\t\t\t<section class=\"elementor-section elementor-top-section elementor-element elementor-element-e85bf71 elementor-section-boxed elementor-section-height-default elementor-section-height-default\" data-id=\"e85bf71\" data-element_type=\"section\">\n\t\t\t\t\t\t<div class=\"elementor-container elementor-column-gap-default\">\n\t\t\t\t\t<div class=\"elementor-column elementor-col-100 elementor-top-column elementor-element elementor-element-9382e33\" data-id=\"9382e33\" data-element_type=\"column\">\n\t\t\t<div class=\"elementor-widget-wrap elementor-element-populated\">\n\t\t\t\t\t\t\t\t<div class=\"elementor-element elementor-element-60d7301 elementor-widget elementor-widget-heading\" data-id=\"60d7301\" data-element_type=\"widget\" data-widget_type=\"heading.default\">\n\t\t\t\t<div class=\"elementor-widget-container\">\n\t\t\t<style>\/*! elementor - v3.18.0 - 06-12-2023 *\/\n.elementor-heading-title{padding:0;margin:0;line-height:1}.elementor-widget-heading .elementor-heading-title[class*=elementor-size-]>a{color:inherit;font-size:inherit;line-height:inherit}.elementor-widget-heading .elementor-heading-title.elementor-size-small{font-size:15px}.elementor-widget-heading .elementor-heading-title.elementor-size-medium{font-size:19px}.elementor-widget-heading .elementor-heading-title.elementor-size-large{font-size:29px}.elementor-widget-heading .elementor-heading-title.elementor-size-xl{font-size:39px}.elementor-widget-heading .elementor-heading-title.elementor-size-xxl{font-size:59px}<\/style><h2 class=\"elementor-heading-title elementor-size-default\">Integritetspolicy och juridisk information<\/h2>\t\t<\/div>\n\t\t\t\t<\/div>\n\t\t\t\t\t<\/div>\n\t\t<\/div>\n\t\t\t\t\t\t\t<\/div>\n\t\t<\/section>\n\t\t\t\t<section class=\"elementor-section elementor-top-section elementor-element elementor-element-407f4e1 elementor-section-boxed elementor-section-height-default elementor-section-height-default\" data-id=\"407f4e1\" data-element_type=\"section\">\n\t\t\t\t\t\t<div class=\"elementor-container elementor-column-gap-default\">\n\t\t\t\t\t<div class=\"elementor-column elementor-col-100 elementor-top-column elementor-element elementor-element-8756a5d\" data-id=\"8756a5d\" data-element_type=\"column\">\n\t\t\t<div class=\"elementor-widget-wrap elementor-element-populated\">\n\t\t\t\t\t\t\t\t<div class=\"elementor-element elementor-element-30a2172 elementor-widget elementor-widget-text-editor\" data-id=\"30a2172\" data-element_type=\"widget\" data-widget_type=\"text-editor.default\">\n\t\t\t\t<div class=\"elementor-widget-container\">\n\t\t\t<style>\/*! elementor - v3.18.0 - 06-12-2023 *\/\n.elementor-widget-text-editor.elementor-drop-cap-view-stacked .elementor-drop-cap{background-color:#69727d;color:#fff}.elementor-widget-text-editor.elementor-drop-cap-view-framed .elementor-drop-cap{color:#69727d;border:3px solid;background-color:transparent}.elementor-widget-text-editor:not(.elementor-drop-cap-view-default) .elementor-drop-cap{margin-top:8px}.elementor-widget-text-editor:not(.elementor-drop-cap-view-default) .elementor-drop-cap-letter{width:1em;height:1em}.elementor-widget-text-editor .elementor-drop-cap{float:left;text-align:center;line-height:1;font-size:50px}.elementor-widget-text-editor .elementor-drop-cap-letter{display:inline-block}<\/style>\t\t\t\t<p data-start=\"71\" data-end=\"117\"><strong>Integritetspolicy och juridisk information<\/strong><\/p>\n<p data-start=\"119\" data-end=\"238\">Denna integritets- och datapolicy g\u00e4ller webbplatsen f\u00f6r Mooc4Tutors (projektnummer 2022-2-BE01-KA220-VET-000097289).<\/p>\n<p data-start=\"240\" data-end=\"336\"><strong data-start=\"240\" data-end=\"253\"><br><\/strong><\/p><p data-start=\"240\" data-end=\"336\"><strong data-start=\"240\" data-end=\"253\">Utgivare:<\/strong><br data-start=\"253\" data-end=\"256\">Logopsycom<br data-start=\"266\" data-end=\"269\">Rue Gabriel Petit, 15,<br data-start=\"291\" data-end=\"294\">7022 Mons, Belgien<br data-start=\"312\" data-end=\"315\"><a class=\"decorated-link cursor-pointer\" rel=\"noopener\" data-start=\"315\" data-end=\"334\">info@logopsycom.com<\/a><\/p>\n<p data-start=\"338\" data-end=\"655\">Mooc4Tutors-projektet finansieras av Europeiska unionen. \u00c5sikter och synpunkter som uttrycks \u00e4r dock endast f\u00f6rfattarnas och \u00e5terspeglar inte n\u00f6dv\u00e4ndigtvis Europeiska unionens eller Europeiska utbildnings- och kulturverkets (EACEA) st\u00e5ndpunkter. Varken Europeiska unionen eller EACEA kan h\u00e5llas ansvariga f\u00f6r dessa.<\/p><p data-start=\"338\" data-end=\"655\"><br><\/p>\n<p data-start=\"657\" data-end=\"870\"><strong data-start=\"657\" data-end=\"685\">Webbplatsen \u00e4r v\u00e4rd hos:<\/strong><br data-start=\"685\" data-end=\"688\">OVH \u2013 SAS med ett aktiekapital p\u00e5 50 000 000 \u20ac<br data-start=\"734\" data-end=\"737\">2 rue Kellermann, 59100 Roubaix, Frankrike<br data-start=\"779\" data-end=\"782\">RCS Lille M\u00e9tropole 424 761 419 00045 \u2013 Code APE 2620Z<br data-start=\"836\" data-end=\"839\">Momsnummer: FR 22 424 761 419<\/p>\n<p data-start=\"657\" data-end=\"870\">\n<\/p><p data-start=\"877\" data-end=\"906\"><strong style=\"font-style: inherit;\"><br><\/strong><\/p><p data-start=\"877\" data-end=\"906\"><strong style=\"font-style: inherit;\">Immateriella r\u00e4ttigheter<\/strong><\/p>\n<p data-start=\"908\" data-end=\"1049\">Allt inneh\u00e5ll distribueras under Creative Commons-licensen: Erk\u00e4nnande \u2013 Icke-kommersiell \u2013 Dela lika 4.0 Internationell (CC BY-NC-SA 4.0).<\/p><p data-start=\"1056\" data-end=\"1072\"><strong><br><\/strong><\/p><p data-start=\"1056\" data-end=\"1072\"><strong>Hyperl\u00e4nkar<\/strong><\/p>\n<p data-start=\"1074\" data-end=\"1244\">Webbplatsen kan inneh\u00e5lla hyperl\u00e4nkar till tredje parts webbplatser. Utgivaren \u00e4r inte ansvarig f\u00f6r inneh\u00e5llet p\u00e5 eller efterlevnaden av dessa tredje parts webbplatser.<\/p>\n<p data-start=\"1251\" data-end=\"1269\"><strong><br><\/strong><\/p><p data-start=\"1251\" data-end=\"1269\"><strong>Datainsamling<\/strong><\/p>\n<p data-start=\"1271\" data-end=\"1305\"><strong>Typer av insamlade uppgifter<\/strong><\/p>\n<p data-start=\"1307\" data-end=\"1377\">Vi kan samla in och behandla f\u00f6ljande kategorier av personuppgifter:<\/p>\n<ul data-start=\"1379\" data-end=\"1734\">\n<li data-start=\"1379\" data-end=\"1444\">\n<p data-start=\"1381\" data-end=\"1444\">Identifieringsuppgifter: namn, efternamn, e-postadress, spr\u00e5k<\/p>\n<\/li>\n<li data-start=\"1445\" data-end=\"1582\">\n<p data-start=\"1447\" data-end=\"1582\">Kurs\u00e5tkomstdata: inloggningsuppgifter (namn, efternamn, e-postadress) f\u00f6r deltagande i Mooc4Tutors-kursen (ett av projektresultaten).<\/p>\n<\/li>\n<li data-start=\"1583\" data-end=\"1672\">\n<p data-start=\"1585\" data-end=\"1672\">Anv\u00e4ndningsdata: bes\u00f6kta sidor, interaktionsloggar och anonyma statistiska uppgifter.<\/p>\n<\/li>\n<li data-start=\"1673\" data-end=\"1734\">\n<p data-start=\"1675\" data-end=\"1734\">Cookies och sp\u00e5rningsdata (se avsnittet \u201dCookies\u201d nedan).<\/p>\n<\/li>\n<\/ul>\n<p data-start=\"1736\" data-end=\"1763\">\n<\/p><p data-start=\"1736\" data-end=\"1763\"><strong><br><\/strong><\/p><p data-start=\"1736\" data-end=\"1763\"><strong>Kursplattformens data<\/strong><\/p>\n<p data-start=\"1765\" data-end=\"1851\">Som en del av Mooc4Tutors-projektet g\u00f6rs en kursplattform tillg\u00e4nglig f\u00f6r anv\u00e4ndare.<\/p>\n<p data-start=\"1853\" data-end=\"1948\">F\u00f6r att f\u00e5 \u00e5tkomst till kursen m\u00e5ste anv\u00e4ndare logga in med namn, efternamn och e-postadress.<\/p>\n<p data-start=\"1950\" data-end=\"2070\">Dessa personuppgifter samlas endast in i syfte att ge \u00e5tkomst till kursen, f\u00f6lja utvecklingen och hantera deltagandet.<\/p>\n<p data-start=\"2072\" data-end=\"2251\">De uppgifter som samlas in f\u00f6r kurs\u00e5tkomst behandlas p\u00e5 samma s\u00e4tt som de som samlas in via Mooc4Tutors webbplats och f\u00f6ljer samma rutiner f\u00f6r s\u00e4kerhet, lagring och r\u00e4ttigheter.<\/p>\n<p data-start=\"2258\" data-end=\"2286\"><strong><br><\/strong><\/p><p data-start=\"2258\" data-end=\"2286\"><strong>Syften med behandlingen<\/strong><\/p>\n<p data-start=\"2288\" data-end=\"2341\">Dina personuppgifter samlas in f\u00f6r f\u00f6ljande syften:<\/p>\n<ul data-start=\"2343\" data-end=\"2675\">\n<li data-start=\"2343\" data-end=\"2409\">\n<p data-start=\"2345\" data-end=\"2409\">Tillhandah\u00e5lla och underh\u00e5lla webbplatsen och kursplattformen.<\/p>\n<\/li>\n<li data-start=\"2410\" data-end=\"2453\">\n<p data-start=\"2412\" data-end=\"2453\">Hantera projektrelaterad kommunikation.<\/p>\n<\/li>\n<li data-start=\"2454\" data-end=\"2509\">\n<p data-start=\"2456\" data-end=\"2509\">M\u00f6jligg\u00f6ra anv\u00e4ndar\u00e5tkomst till Mooc4Tutors-kursen.<\/p>\n<\/li>\n<li data-start=\"2510\" data-end=\"2583\">\n<p data-start=\"2512\" data-end=\"2583\">Skicka information om projektresultat, om du har samtyckt till detta.<\/p>\n<\/li>\n<li data-start=\"2584\" data-end=\"2675\">\n<p data-start=\"2586\" data-end=\"2675\">Sammanst\u00e4lla anonyma anv\u00e4ndningsstatistik f\u00f6r rapportering till europeiska myndigheter.<\/p><\/li><\/ul>\n<p data-start=\"2682\" data-end=\"2718\"><strong><br><\/strong><\/p><p data-start=\"2682\" data-end=\"2718\"><strong>R\u00e4ttslig grund f\u00f6r behandlingen<\/strong><\/p>\n<p data-start=\"2720\" data-end=\"2786\">Vi behandlar dina personuppgifter p\u00e5 f\u00f6ljande r\u00e4ttsliga grunder:<\/p>\n<ul data-start=\"2788\" data-end=\"3185\">\n<li data-start=\"2788\" data-end=\"2853\">\n<p data-start=\"2790\" data-end=\"2853\">Samtycke (Art. 6(1)(a) GDPR) \u2013 t.ex. f\u00f6r cookies, nyhetsbrev.<\/p>\n<\/li>\n<li data-start=\"2854\" data-end=\"2954\">\n<p data-start=\"2856\" data-end=\"2954\">Avtalsenlighet (Art. 6(1)(b) GDPR) \u2013 t.ex. tillhandah\u00e5llande av \u00e5tkomst till Mooc4Tutors-kursen.<\/p>\n<\/li>\n<li data-start=\"2955\" data-end=\"3044\">\n<p data-start=\"2957\" data-end=\"3044\">R\u00e4ttslig f\u00f6rpliktelse (Art. 6(1)(c) GDPR) \u2013 t.ex. rapporteringskrav till myndigheter.<\/p>\n<\/li>\n<li data-start=\"3045\" data-end=\"3185\">\n<p data-start=\"3047\" data-end=\"3185\">Ber\u00e4ttigat intresse (Art. 6(1)(f) GDPR) \u2013 t.ex. f\u00f6r att s\u00e4kerst\u00e4lla webbplatsens och kursplattformens s\u00e4kerhet och f\u00f6rb\u00e4ttra tj\u00e4nsterna.<\/p><\/li><\/ul>\n<p data-start=\"3192\" data-end=\"3214\"><strong><br><\/strong><\/p><p data-start=\"3192\" data-end=\"3214\"><strong>Mottagare av data<\/strong><\/p>\n<p data-start=\"3216\" data-end=\"3247\">Dina uppgifter kan delas med:<\/p>\n<p data-start=\"3249\" data-end=\"3294\">Konsortiemedlemmar i Mooc4Tutors-projektet:<\/p>\n<ul data-start=\"3295\" data-end=\"3482\">\n<li data-start=\"3295\" data-end=\"3319\">\n<p data-start=\"3297\" data-end=\"3319\">Logopsycom (Belgien)<\/p>\n<\/li>\n<li data-start=\"3320\" data-end=\"3350\">\n<p data-start=\"3322\" data-end=\"3350\">Europass Berlin (Tyskland)<\/p>\n<\/li>\n<li data-start=\"3351\" data-end=\"3404\">\n<p data-start=\"3353\" data-end=\"3404\">LAUREA \u2013 University of Applied Sciences (Finland)<\/p>\n<\/li>\n<li data-start=\"3405\" data-end=\"3435\">\n<p data-start=\"3407\" data-end=\"3435\">Euphoria Net Srl (Italien)<\/p>\n<\/li>\n<li data-start=\"3436\" data-end=\"3482\">\n<p data-start=\"3438\" data-end=\"3482\">Kauno \u0161vietimo inovacij\u0173 centras (Litauen)<\/p>\n<\/li>\n<\/ul>\n<p data-start=\"3484\" data-end=\"3513\">V\u00e4rdtj\u00e4nstleverant\u00f6r (OVH).<\/p><p data-start=\"3484\" data-end=\"3513\"><br><\/p>\n<p data-start=\"3520\" data-end=\"3553\"><strong>Internationella \u00f6verf\u00f6ringar<\/strong><\/p>\n<p data-start=\"3555\" data-end=\"3708\">Uppgifterna lagras i regel inom EU\/EES. Om uppgifter \u00f6verf\u00f6rs utanf\u00f6r EU, kommer l\u00e4mpliga skydds\u00e5tg\u00e4rder att till\u00e4mpas (t.ex. standardavtalsklausuler).<\/p>\n<p data-start=\"3555\" data-end=\"3708\">\n<\/p><p data-start=\"3715\" data-end=\"3735\"><strong><br><\/strong><\/p><p data-start=\"3715\" data-end=\"3735\"><strong>Lagring av data<\/strong><\/p>\n<p data-start=\"3737\" data-end=\"3894\">Personuppgifter sparas endast s\u00e5 l\u00e4nge som det \u00e4r n\u00f6dv\u00e4ndigt f\u00f6r de syften som beskrivs ovan och f\u00f6r att uppfylla r\u00e4ttsliga f\u00f6rpliktelser. N\u00e4rmare best\u00e4mt:<\/p>\n<ul data-start=\"3896\" data-end=\"4090\">\n<li data-start=\"3896\" data-end=\"3986\">\n<p data-start=\"3898\" data-end=\"3986\">Anv\u00e4ndarkonto-\/kontakt-\/kursinloggningsdata: raderas 24 m\u00e5nader efter projektets slut.<\/p>\n<\/li>\n<li data-start=\"3987\" data-end=\"4053\">\n<p data-start=\"3989\" data-end=\"4053\">Anv\u00e4ndningsstatistik: anonymiseras omedelbart efter insamling.<\/p>\n<\/li>\n<li data-start=\"4054\" data-end=\"4090\">\n<p data-start=\"4056\" data-end=\"4090\">Cookies: se avsnittet \u201dCookies\u201d.<\/p>\n<\/li>\n<\/ul>\n<p data-start=\"4097\" data-end=\"4121\"><strong><br><\/strong><\/p><p data-start=\"4097\" data-end=\"4121\"><strong>Anv\u00e4ndarr\u00e4ttigheter<\/strong><\/p>\n<p data-start=\"4123\" data-end=\"4153\">Enligt GDPR har du r\u00e4tt att:<\/p>\n<ul data-start=\"4155\" data-end=\"4431\">\n<li data-start=\"4155\" data-end=\"4191\">\n<p data-start=\"4157\" data-end=\"4191\">F\u00e5 tillg\u00e5ng till dina uppgifter.<\/p>\n<\/li>\n<li data-start=\"4192\" data-end=\"4242\">\n<p data-start=\"4194\" data-end=\"4242\">R\u00e4tta felaktiga eller ofullst\u00e4ndiga uppgifter.<\/p>\n<\/li>\n<li data-start=\"4243\" data-end=\"4292\">\n<p data-start=\"4245\" data-end=\"4292\">Beg\u00e4ra radering (\u201dr\u00e4tten att bli bortgl\u00f6md\u201d).<\/p>\n<\/li>\n<li data-start=\"4293\" data-end=\"4319\">\n<p data-start=\"4295\" data-end=\"4319\">Begr\u00e4nsa behandlingen.<\/p>\n<\/li>\n<li data-start=\"4320\" data-end=\"4349\">\n<p data-start=\"4322\" data-end=\"4349\">Inv\u00e4nda mot behandlingen.<\/p>\n<\/li>\n<li data-start=\"4350\" data-end=\"4371\">\n<p data-start=\"4352\" data-end=\"4371\">Dataportabilitet.<\/p>\n<\/li>\n<li data-start=\"4372\" data-end=\"4431\">\n<p data-start=\"4374\" data-end=\"4431\">N\u00e4r som helst \u00e5terkalla ditt samtycke (om till\u00e4mpligt).<\/p>\n<\/li>\n<\/ul>\n<p data-start=\"4433\" data-end=\"4506\">Du kan ut\u00f6va dessa r\u00e4ttigheter genom att kontakta: <a class=\"decorated-link cursor-pointer\" rel=\"noopener\" data-start=\"4484\" data-end=\"4503\">info@logopsycom.com<\/a>.<\/p>\n<p data-start=\"4508\" data-end=\"4655\">Om utgivaren inte kan tillgodose din beg\u00e4ran kan du kontakta den belgiska dataskyddsmyndigheten:<br data-start=\"4604\" data-end=\"4607\"><a class=\"decorated-link\" href=\"https:\/\/www.gegevensbeschermingsautoriteit.be\/?utm_source=chatgpt.com\" target=\"_new\" rel=\"noopener\" data-start=\"4607\" data-end=\"4653\">https:\/\/www.gegevensbeschermingsautoriteit.be\/<\/a><\/p>\n<p data-start=\"4508\" data-end=\"4655\">\n<\/p><p data-start=\"4662\" data-end=\"4696\"><strong><br><\/strong><\/p><p data-start=\"4662\" data-end=\"4696\"><strong>Automatiserat beslutsfattande<\/strong><\/p>\n<p data-start=\"4698\" data-end=\"4804\">Inget automatiserat beslutsfattande, inklusive profilering, sker p\u00e5 denna webbplats eller kursplattform.<\/p>\n<p data-start=\"4811\" data-end=\"4837\">\n<\/p><p data-start=\"4811\" data-end=\"4837\"><strong><br><\/strong><\/p><p data-start=\"4811\" data-end=\"4837\"><strong>Dataskyddsombud (DPO)<\/strong><\/p>\n<p data-start=\"4839\" data-end=\"4950\">Logopsycom har inte utsett n\u00e5got dataskyddsombud. F\u00f6r alla fr\u00e5gor som r\u00f6r data, kontakta <a class=\"decorated-link cursor-pointer\" rel=\"noopener\" data-start=\"4928\" data-end=\"4947\">info@logopsycom.com<\/a>.<\/p>\n<p data-start=\"4957\" data-end=\"4969\">\n<\/p><p data-start=\"4957\" data-end=\"4969\"><strong><br><\/strong><\/p><p data-start=\"4957\" data-end=\"4969\"><strong>Cookies<\/strong><\/p>\n<p data-start=\"4971\" data-end=\"5074\">Denna webbplats och kursplattform anv\u00e4nder cookies f\u00f6r att f\u00f6rb\u00e4ttra interaktiviteten och tj\u00e4nsterna.<\/p>\n<p data-start=\"4971\" data-end=\"5074\">\n<\/p><p data-start=\"5076\" data-end=\"5103\"><strong><br><\/strong><\/p><p data-start=\"5076\" data-end=\"5103\"><strong>Kategorier av cookies<\/strong><\/p>\n<ul data-start=\"5105\" data-end=\"5459\">\n<li data-start=\"5105\" data-end=\"5196\">\n<p data-start=\"5107\" data-end=\"5196\">Strikt n\u00f6dv\u00e4ndiga cookies: Viktiga f\u00f6r att webbplatsen och kursplattformen ska fungera.<\/p>\n<\/li>\n<li data-start=\"5197\" data-end=\"5282\">\n<p data-start=\"5199\" data-end=\"5282\">Analytiska cookies: Anv\u00e4nds f\u00f6r att samla in anonym statistik [Google Analytics].<\/p>\n<\/li>\n<li data-start=\"5283\" data-end=\"5370\">\n<p data-start=\"5285\" data-end=\"5370\">Funktionella cookies: F\u00f6r att f\u00f6rb\u00e4ttra anv\u00e4ndbarheten (t.ex. spara inst\u00e4llningar).<\/p>\n<\/li>\n<li data-start=\"5371\" data-end=\"5459\">\n<p data-start=\"5373\" data-end=\"5459\">Tredjepartscookies: Kan s\u00e4ttas av inb\u00e4ddade tj\u00e4nster (t.ex. videor, sociala medier).<\/p>\n<\/li>\n<\/ul>\n<p data-start=\"5461\" data-end=\"5488\">\n<\/p><p data-start=\"5461\" data-end=\"5488\"><strong><br><\/strong><\/p><p data-start=\"5461\" data-end=\"5488\"><strong>Samtycke till cookies<\/strong><\/p>\n<p data-start=\"5490\" data-end=\"5708\">N\u00e4r du f\u00f6rst bes\u00f6ker webbplatsen visas en cookie-banner som informerar dig om cookies och l\u00e5ter dig st\u00e4lla in preferenser. Du kan uppdatera dina preferenser n\u00e4r som helst via cookie-bannern l\u00e4ngst ned p\u00e5 webbplatsen.<\/p>\n<p data-start=\"5490\" data-end=\"5708\">\n<\/p><p data-start=\"5710\" data-end=\"5741\"><strong data-start=\"5710\" data-end=\"5739\"><br><\/strong><\/p><p data-start=\"5710\" data-end=\"5741\"><strong data-start=\"5710\" data-end=\"5739\">Lagringstid: [6 m\u00e5nader].<\/strong><\/p>\t\t\t\t\t\t<\/div>\n\t\t\t\t<\/div>\n\t\t\t\t\t<\/div>\n\t\t<\/div>\n\t\t\t\t\t\t\t<\/div>\n\t\t<\/section>\n\t\t\t\t\t\t\t<\/div>\n\t\t","protected":false},"excerpt":{"rendered":"<p>Integritetspolicy och juridisk information Integritetspolicy och juridisk information Denna integritets- och datapolicy g\u00e4ller webbplatsen f\u00f6r Mooc4Tutors (projektnummer 2022-2-BE01-KA220-VET-000097289). Utgivare:LogopsycomRue Gabriel Petit, 15,7022 Mons, Belgieninfo@logopsycom.com Mooc4Tutors-projektet finansieras av Europeiska unionen. \u00c5sikter och synpunkter som uttrycks \u00e4r dock endast f\u00f6rfattarnas och \u00e5terspeglar inte n\u00f6dv\u00e4ndigtvis Europeiska unionens eller Europeiska utbildnings- och kulturverkets (EACEA) st\u00e5ndpunkter. Varken Europeiska unionen eller &hellip;<\/p>\n<p class=\"read-more\"> <a class=\"\" href=\"https:\/\/mooc4tutors.eu\/?page_id=3393&#038;lang=fi\"> <span class=\"screen-reader-text\">Integritetspolicy och juridisk information<\/span> Read More &raquo;<\/a><\/p>\n","protected":false},"author":1,"featured_media":0,"parent":0,"menu_order":0,"comment_status":"closed","ping_status":"closed","template":"","meta":{"site-sidebar-layout":"no-sidebar","site-content-layout":"page-builder","ast-global-header-display":"","ast-banner-title-visibility":"","ast-main-header-display":"","ast-hfb-above-header-display":"","ast-hfb-below-header-display":"","ast-hfb-mobile-header-display":"","site-post-title":"disabled","ast-breadcrumbs-content":"","ast-featured-img":"disabled","footer-sml-layout":"","theme-transparent-header-meta":"","adv-header-id-meta":"","stick-header-meta":"","header-above-stick-meta":"","header-main-stick-meta":"","header-below-stick-meta":"","footnotes":""},"class_list":["post-3393","page","type-page","status-publish","hentry"],"_links":{"self":[{"href":"https:\/\/mooc4tutors.eu\/index.php?rest_route=\/wp\/v2\/pages\/3393","targetHints":{"allow":["GET"]}}],"collection":[{"href":"https:\/\/mooc4tutors.eu\/index.php?rest_route=\/wp\/v2\/pages"}],"about":[{"href":"https:\/\/mooc4tutors.eu\/index.php?rest_route=\/wp\/v2\/types\/page"}],"author":[{"embeddable":true,"href":"https:\/\/mooc4tutors.eu\/index.php?rest_route=\/wp\/v2\/users\/1"}],"replies":[{"embeddable":true,"href":"https:\/\/mooc4tutors.eu\/index.php?rest_route=%2Fwp%2Fv2%2Fcomments&post=3393"}],"version-history":[{"count":4,"href":"https:\/\/mooc4tutors.eu\/index.php?rest_route=\/wp\/v2\/pages\/3393\/revisions"}],"predecessor-version":[{"id":3397,"href":"https:\/\/mooc4tutors.eu\/index.php?rest_route=\/wp\/v2\/pages\/3393\/revisions\/3397"}],"wp:attachment":[{"href":"https:\/\/mooc4tutors.eu\/index.php?rest_route=%2Fwp%2Fv2%2Fmedia&parent=3393"}],"curies":[{"name":"wp","href":"https:\/\/api.w.org\/{rel}","templated":true}]}}